1 - 17 - (-1566 + 1538 - (2 - 11))?
1
What is 13 + (-4 + 1 - 14) - (-6 - (-1 - 64))?
-63
Calculate 2 + (-15 - 17) + 0 + 7 + 10.
-13
Evaluate (11 - 24 - 5 - -11) + (-5 - (2 - 18)).
4
What is (29 + -25 - -20) + -93 + (-5 - 11)?
-85
Evaluate (112 - 117) + (0 + 6 - (-47 - -47)) + -122.
-121
Calculate (17 + 5 - -26) + -38.
10
What is -9 + (-36 - (4 - 1)) - (-1 - (0 - -6))?
-41
What is the value of 4 - (-6 + (1 - 1)) - (-19 + (-29 - -114))?
-56
Evaluate (-30 - -1) + (-28 - (-44 + (21 - -1))).
-35
(-8 + 16 + -4 + -4 - (66 - 57)) + 12
3
(1 - -6) + -14 + 29 + -13 + 45 + -10
44
What is the value of (-88 - (7 + -16 - 3)) + 31?
-45
-1 + 45 + (6 - 157 - -18)
-89
Evaluate -16 + 1 + 7 + (-3 - -5 - -3) + -3.
-6
-10 + (-2 - 0) + 112 + 52 + -100
52
What is the value of -134 + (5 - -2) + (-10 - -23) + -10?
-124
What is -10 + (36 - 47 - (-1 - 2)) - 9?
-27
-41 + (1 - -9) + 18 - 12
-25
Evaluate -1 + -53 + 6905 + -6857 - (-75 - 1).
70
Calculate 58 - (2 + 44 - 26) - 142.
-104
What is the value of -18 + 12 + (0 + 3 - -7) - 3?
1
Calculate 1 + 46 + -48 + -17 + 62.
44
(-81 - -3) + (-23 - (-8 + (22 - 35)))
-80
What is the value of -10 - (-7 - -3 - 0) - 0 - (4 - -17)?
-27
270 + -297 + 1 + 39 - -1 - (-1 - 9)
24
What is the value of (-125 - -358) + -260 - (-1 + -88)?
62
Calculate 2 + -4 + -5 + (-50 - (-6 - 3 - 15)).
-33
Evaluate -13 - (20 + 15 + (-13 - (-8 + -5))).
-48
What is the value of 8 + 16 + -11 + -13 - (8 - -6)?
-14
Evaluate -17 + 3 + (2 - 11) - ((-14 - -26) + -11).
-24
17 + -40 - (0 + -1 - (5 + 8))
-9
What is 9 + (12 - (9 + -4)) + -23?
-7
What is the value of (-5 + (4 - 2) - -6) + 56 + (-16 - -8)?
51
Calculate (8 - 8 - 19) + 22 + -4.
-1
Calculate (1271 - 1292) + -6 + (6 - (11 - 5)).
-27
What is the value of 126 + -119 - (72 + 5 + 4 - 0)?
-74
Calculate 120 + (0 - -2) - (28 + -12 - 35 - -6).
135
What is the value of 25 + (35 - -1) + -116?
-55
Calculate 84 + 95 + -174 + -2 + -93 + 0.
-90
Evaluate (-44 - 3) + (2 - 5) - ((-2 - 1) + 4).
-51
Evaluate 31 + 74 + -50 - (4 + -16 + 2).
65
Evaluate (2 - 5 - -2) + (137 - 180).
-44
Calculate -1 + -3 + (-29 - (22 + -11 + -1) - 9).
-52
What is the value of 156 - ((3 - -27) + -316 + 322)?
120
Calculate (53 - 2) + 4 + -45 + (-15 - -43).
38
Calculate 24 + -6 + -14 + -48 + -10 + 3.
-51
What is the value of (-7 - (2 + -1)) + 140 + (-118 - 11)?
3
Evaluate (316 + -313 - (-1 - 0)) + (-31 - 0).
-27
(6 - (-2 - 1)) + (-65 - 9) + (7 - 6)
-64
Calculate -15 - (-3 + (14 - 12) + -14).
0
Calculate -81 - (-86 + -70 + 4).
71
Calculate (-14 - -1) + 1 - (-11 + 36 + 31 + -77).
9
What is the value of (78 + -21 - -33) + -73?
17
What is -3 + (0 + 3 + -11 - (-5 - -1) - -68)?
61
Calculate (-55 - -48) + 2 + 3 + (-8 - -9).
-1
(-13 - (0 + -2)) + (-3 - (39 + -62))
9
Evaluate (-12 - (67 - 29 - 20)) + 33.
3
What is the value of (-28 - 21) + 36 + (1 - -3)?
-9
What is the value of -4 - -24 - (35 - (27 + -3))?
9
Calculate 5 + -19 - (23 + -5 + 22 + -7).
-47
What is (10 + -1 - -3) + -12 - (3 + -36 + 2)?
31
15 + 5 - (116 - 149)
53
Evaluate (8 - 16) + 25 - (29 + 7).
-19
(0 - -45 - 32) + (-1 - -17 - (6 - 8))
31
What is -76 - -1 - (-43 - 24 - -29 - -19)?
-56
-164 + 117 + 97 + -80
-30
-10 - (-20 + 17 - -11) - -5
-13
Evaluate -72 - (-56 + -46 + -45).
75
(-100 - (-97 - 12)) + (-2 - -1)
8
2 - 8 - (28 - 37 - ((10 - 12) + -8))
-7
Evaluate (-3 - 10 - 3) + (-5 - -55) + -55.
-21
Calculate -8 - (5 + (-2 - 1) - (-35 - -72)).
27
Calculate 30 + (4 - 8) + (-431 - -465).
60
Evaluate -26 + -5 + (-58 - (-123 + 10)).
24
Calculate 6 + -140 + 13 + 5 + 18 + 3.
-95
Evaluate 7 + (409 + -413 - (-8 - 2 - (0 - 1))).
12
Evaluate (-15 - (10 - (-42 - (-2 - -18)))) + 2 + 2.
-79
Evaluate -86 + -22 + (6 - -12) + -1 + -5.
-96
What is the value of 87 - (-80 - -81) - 137?
-51
Calculate 75 + 10 - (-52 - 18 - -54).
101
What is -21 - (18 + 13) - -21?
-31
Calculate -5 - 1 - 0 - (93 - (17 - -16)).
-66
-18 + -25 + 29 + (-16 - (-5 - -35))
-60
What is -19 + (56 - 52 - -25)?
10
Calculate (10 - (-54 - (-17 + 24 + -16))) + -5.
50
What is 8 + (3 - 2) + (-1878 - -1865)?
-4
Calculate (-4 - -16) + -30 + 18 + 19 - (1 - -1).
17
Evaluate -5 + -45 + (81 - 23).
8
Calculate 38 + (-9 + 2 - (1 + 3) - -14).
41
What is the value of -35 + (-31 - -13 - -64)?
11
-11 + (-10 - (-16 + -21 + 63))
-47
What is the value of 16017 + -16010 - (0 - (43 + (1 - 4)))?
47
What is -29 + (-26 - -48 - (-7 + 1))?
-1
Evaluate (-5 - (-18 - -5)) + (-13 + 0 - (395 + -409)).
9
Evaluate 57 - (-1 + 2 + -2 - (37 + -41) - 7).
61
What is the value of (1 - 9) + (-24 - -20 - -13) - (5 + -5)?
1
What is 3 + -47 + 8 - ((-4 - -3) + (-5 - 1))?
-29
Calculate -179 + 198 - (2 + (-26 - -2)).
41
Calculate (2 - 72) + (-99 - -157 - 27).
-39
Evaluate -5 + (-6 + 1 - -8) + 3 + -18 + -16.
-33
Calculate 19 - (28 - (0 + -16)).
-25
Calculate 10 + 0 - (-18 - (-29 + 22 + 1)).
22
17 + (-7 - (-43 - -14))
39
What is -4 - -23 - (87 + -47 + -23)?
2
Evaluate 3 + (3 + (-2 - -8) - 15) + 31.
28
Calculate (117 + -95 - 21) + (4 - (-3 - -1 - -20)).
-13
What is 3 - -1 - (-5 + 0 + (87 - (41 - 35)))?
-72
455 + -482 - (1 + -83)
55
What is the value of -6 + (12 - 21) - (-50 + -26 - 18)?
79
64 + -15 + (8 - -19) - 20
56
What is the value of -39 + 23 - -8 - (-49 + (0 - (-2 + 3)))?
42
What is the value of -73 + 1 + -118 + 172?
-18
Calculate -5 + (41 - (14 + 9)) + 45.
58
What is 123 + -162 - -51 - (-107 - (-6 + 3))?
116
Evaluate 16 + -42 + (2 - -19) + -14.
-19
Evaluate -16 - (1 - 0) - (-115 - (71 - 113)).
56
What is the value of -148 + -70 + 63 - -50?
-105
Evaluate -15 + -5 + 6 + 13 - -80 - -4.
83
Evaluate -125 - ((204 - 210) + (20 - 1)) - (11 + -24).
-125
-1 + (-4 - 6 - (-9 + -8 + 9)) + -17
-20
Evaluate 30 - -1 - (-25 - -94) - -69.
31
Evaluate -12 - (2 - (-29 - -12 - -22)).
-9
What is the value of (1742 - 1856) + (4 - 2 - -1 - 0)?
-111
Calculate -153 + (-77 - -251) + 132 + -1.
152
What is the value of -1 + 15 + 8 + -2 + 3 + 9?
32
Calculate (70 - -2) + -63 - 44.
-35
-52 + 28 + 37 + (-11 - 2) + -2 - 121
-123
What is the value of -11 - (23 + -12 + -33) - -32?
43
What is (61 - 117 - (-20 - -1)) + 1 + -1?
-37
Evaluate -2 - (12 - -2 - (16 - -4 - 14)).
-10
What is (-73 - (-46 + 59)) + 0 + 1 + 2?
-83
-141 + 137 - (-2 + (-1 + 11 - 4)) - -5
-3
What is the value of 89 + (6 - 1 - (211 + -190)) + (-2 - -8)?
79
Evaluate (3 - -8) + 131 + -54 + -132.
-44
-2089 + 2118 - (-1 + 27)
3
Evaluate 62 + (16 + -16 + -12 - -43).
93
What is the value of 3 + 17 + (22 - 42)?
0
(-4 - 3) + -2 + -7 + -9 + 16
-9
(26 + -30 - 25) + 49 + 18
38
(-17 + 1 - (-211 + 269)) + (11 + -2 - 5)
-70
What is (0 - 1) + 20 - (946 + -953)?
26
What is the value of (-126 + -9 - -123) + (2 - 1 - (1 - 1))?
-11
Evaluate -9 - (15 + (22 + -37 + 20 - 44)).
15
Calculate 20 - (28 - -59) - (8 - 19 - -8).
-64
Evaluate 4 + -50 - (-431 + 371).
14
Calculate -27 + -7 + (29 - -3) - (-11 - 1).
10
(0 - -3 - 2 - 0) + 229 + -300 + 145
75
Evaluate (16 + -47 - 19) + (2 - -1) + -18.
-65
Calculate 28 + 0 - (289 + -50 - 141).
-70
Calculate -2 + -48 + (-43 - -143).
50
What is the value of (11 - -1) + 10 + -15 + -80 + 0?
-73
What is (33 + -35 - (-26 + 1)) + -1?
22
Evaluate 18 + -45 - ((3 - 9) + 23 - 11).
-33
What is 4 + ((3 - 18) + 23 + -15 - (12 + 3))?
-18
1437 + -1355 + -165 + 3
-80
Evaluate -15 + 9 + -7 + 0 + 6 - (-10 + -19).
22
143 - 72 - (-14 + 26)
59
Evaluate 51 + (-34 - (4 - 18) - -18).
49
Calculate -1 - (0 - -23) - (118 + 88 + -209).
-21
Calculate -9 - (-22 + -1) - (5 + -22).
31
What is the value of 1097 + -1155 + (-26 - 3)?
-87
What is the value of 6 + (117 + -87 - 118)?
-82
Calculate (-44 + 124 - 17) + -87.
-24
What is -33 - (-47 + 32) - 24?
-42
What is the value of 1 - (-13 - (117 - 86))?
45
What is 165 + -188 - (-8 + 6 - 5)?
-16
What is -8 - -7 - (26 + -7 + -8 + (1 - 6))?
-7
128 - (3 + (2 - (-18 - (18 - 41))))
128
133 + 12 + -28 + 0 + -13 + (14 - 7)
111
What is -38 - -54 - 22 - -67?
61
7 + -52 + 87 + -20
22
What is the value of (-8 - 30) + (65 - 54)?
-27
56 + -46 - ((-69 - -1) + 92 + -104)
90
What is the value of 34 - (5 + -20) - 40?
9
Evaluate -246 - 2 - (7247 - 7384).
-111
Calculate 69 + -63 + 18 - -33.
57
53 + 16 + -54 + 3 + 30
48
Calculate 34 - ((597 - 596) + 2 + -30).
61
-41 - (103 - 28 - 46)
-70
What is 13 + 0 + (86 - (65 + -14))?
48
Evaluate (62 - 0) + (9044 - 9125).
-19
What is the value of -127 - -62 - (-26 - -62)?
-101
945 + -891 + 0 + -30
24
What is 5 + 0 - 